{"id":1362,"date":"2026-01-21T15:36:57","date_gmt":"2026-01-21T14:36:57","guid":{"rendered":"https:\/\/redesign.imlaufderzeit.de\/?page_id=1362"},"modified":"2026-04-15T09:50:38","modified_gmt":"2026-04-15T07:50:38","slug":"gschwender-ehrenbuerger","status":"publish","type":"page","link":"https:\/\/redesign.imlaufderzeit.de\/?page_id=1362","title":{"rendered":"Gschwender Ehrenb\u00fcrger"},"content":{"rendered":"\n<h2 class=\"wp-block-heading\">Gschwend Ehrenb\u00fcrger<\/h2>\n\n\n\n<p><\/p>\n\n\n\n<figure class=\"wp-block-image size-large is-resized\"><img loading=\"lazy\" decoding=\"async\" width=\"808\" height=\"1024\" src=\"http:\/\/redesign.imlaufderzeit.de\/wp-content\/uploads\/2026\/01\/Bihlmeyer-808x1024.jpg\" alt=\"Ehrenb\u00fcrger Gschwend\" class=\"wp-image-1349\" style=\"aspect-ratio:0.78906234579744;width:844px;height:auto\" srcset=\"https:\/\/redesign.imlaufderzeit.de\/wp-content\/uploads\/2026\/01\/Bihlmeyer-808x1024.jpg 808w, https:\/\/redesign.imlaufderzeit.de\/wp-content\/uploads\/2026\/01\/Bihlmeyer-237x300.jpg 237w, https:\/\/redesign.imlaufderzeit.de\/wp-content\/uploads\/2026\/01\/Bihlmeyer-768x973.jpg 768w, https:\/\/redesign.imlaufderzeit.de\/wp-content\/uploads\/2026\/01\/Bihlmeyer.jpg 1178w\" sizes=\"auto, (max-width: 808px) 100vw, 808px\" \/><figcaption class=\"wp-element-caption\">Gschwend &#8211; Ehrenb\u00fcrger <br>Theodor Bihlmeyer<br>Pfarrer <br>Ehrenb\u00fcrger seit 10.04.1886<\/figcaption><\/figure>\n\n\n\n<figure class=\"wp-block-image size-large\"><img loading=\"lazy\" decoding=\"async\" width=\"843\" height=\"1024\" src=\"http:\/\/redesign.imlaufderzeit.de\/wp-content\/uploads\/2026\/01\/K.-Schmidt-Sen-843x1024.jpg\" alt=\"Gschwend Ehrenb\u00fcrger\" class=\"wp-image-1352\" srcset=\"https:\/\/redesign.imlaufderzeit.de\/wp-content\/uploads\/2026\/01\/K.-Schmidt-Sen-843x1024.jpg 843w, https:\/\/redesign.imlaufderzeit.de\/wp-content\/uploads\/2026\/01\/K.-Schmidt-Sen-247x300.jpg 247w, https:\/\/redesign.imlaufderzeit.de\/wp-content\/uploads\/2026\/01\/K.-Schmidt-Sen-768x933.jpg 768w, https:\/\/redesign.imlaufderzeit.de\/wp-content\/uploads\/2026\/01\/K.-Schmidt-Sen-1264x1536.jpg 1264w, https:\/\/redesign.imlaufderzeit.de\/wp-content\/uploads\/2026\/01\/K.-Schmidt-Sen-1685x2048.jpg 1685w, https:\/\/redesign.imlaufderzeit.de\/wp-content\/uploads\/2026\/01\/K.-Schmidt-Sen.jpg 1928w\" sizes=\"auto, (max-width: 843px) 100vw, 843px\" \/><figcaption class=\"wp-element-caption\">Gschwend &#8211; Ehrenb\u00fcrger <br>Karl Schmidt Senior<br>B\u00fcrgermeister<br>Ehrenb\u00fcrger seit 31.01.1958<\/figcaption><\/figure>\n\n\n\n<figure class=\"wp-block-image size-large\"><img loading=\"lazy\" decoding=\"async\" width=\"727\" height=\"1024\" src=\"http:\/\/redesign.imlaufderzeit.de\/wp-content\/uploads\/Gschwend_Gaildorfer Stra\u00dfe_Nr11__Dr_Kopp-727x1024.jpg\" alt=\"Gschwend - Gaildorfer Stra\u00dfe - Hausnummer 11 - 1927000000\" class=\"wp-image-284\" srcset=\"https:\/\/redesign.imlaufderzeit.de\/wp-content\/uploads\/Gschwend_Gaildorfer%20Stra\u00dfe_Nr11__Dr_Kopp-727x1024.jpg 727w, https:\/\/redesign.imlaufderzeit.de\/wp-content\/uploads\/Gschwend_Gaildorfer%20Stra\u00dfe_Nr11__Dr_Kopp-213x300.jpg 213w, https:\/\/redesign.imlaufderzeit.de\/wp-content\/uploads\/Gschwend_Gaildorfer%20Stra\u00dfe_Nr11__Dr_Kopp-768x1082.jpg 768w, https:\/\/redesign.imlaufderzeit.de\/wp-content\/uploads\/Gschwend_Gaildorfer%20Stra\u00dfe_Nr11__Dr_Kopp-1091x1536.jpg 1091w, https:\/\/redesign.imlaufderzeit.de\/wp-content\/uploads\/Gschwend_Gaildorfer%20Stra\u00dfe_Nr11__Dr_Kopp-1454x2048.jpg 1454w, https:\/\/redesign.imlaufderzeit.de\/wp-content\/uploads\/Gschwend_Gaildorfer%20Stra\u00dfe_Nr11__Dr_Kopp-scaled.jpg 1818w\" sizes=\"auto, (max-width: 727px) 100vw, 727px\" \/><figcaption class=\"wp-element-caption\">Gschwend &#8211; Ehrenb\u00fcrger<br>Dr. med. Theodor Kopp<br>Ehrenb\u00fcrger seit 20.11.1959 <br>Bild von Peter Jakob Schober<\/figcaption><\/figure>\n\n\n\n<figure class=\"wp-block-image size-large\"><img loading=\"lazy\" decoding=\"async\" width=\"671\" height=\"1024\" src=\"http:\/\/redesign.imlaufderzeit.de\/wp-content\/uploads\/Gschwend_Frickenhofer Str_Nr 28__gustav_kunz-671x1024.jpg\" alt=\"Gschwend - Frickenhofer Str - Hausnummer 28 - 1980000000\" class=\"wp-image-185\" srcset=\"https:\/\/redesign.imlaufderzeit.de\/wp-content\/uploads\/Gschwend_Frickenhofer%20Str_Nr%2028__gustav_kunz-671x1024.jpg 671w, https:\/\/redesign.imlaufderzeit.de\/wp-content\/uploads\/Gschwend_Frickenhofer%20Str_Nr%2028__gustav_kunz-197x300.jpg 197w, https:\/\/redesign.imlaufderzeit.de\/wp-content\/uploads\/Gschwend_Frickenhofer%20Str_Nr%2028__gustav_kunz-768x1172.jpg 768w, https:\/\/redesign.imlaufderzeit.de\/wp-content\/uploads\/Gschwend_Frickenhofer%20Str_Nr%2028__gustav_kunz-1007x1536.jpg 1007w, https:\/\/redesign.imlaufderzeit.de\/wp-content\/uploads\/Gschwend_Frickenhofer%20Str_Nr%2028__gustav_kunz-1342x2048.jpg 1342w, https:\/\/redesign.imlaufderzeit.de\/wp-content\/uploads\/Gschwend_Frickenhofer%20Str_Nr%2028__gustav_kunz-scaled.jpg 1678w\" sizes=\"auto, (max-width: 671px) 100vw, 671px\" \/><figcaption class=\"wp-element-caption\">Gschwend Ehrenb\u00fcrger<br>Senator Gustav Kunz, <br>Ehrenb\u00fcrger seit 25.11.1972<br>Foto von Kurt Weigle<\/figcaption><\/figure>\n\n\n\n<figure class=\"wp-block-image size-large\"><img loading=\"lazy\" decoding=\"async\" width=\"683\" height=\"1024\" src=\"http:\/\/redesign.imlaufderzeit.de\/wp-content\/uploads\/2026\/01\/K.Schmidt-Jun-683x1024.jpg\" alt=\"Gschwend - Ehrenb\u00fcrger\" class=\"wp-image-1351\" srcset=\"https:\/\/redesign.imlaufderzeit.de\/wp-content\/uploads\/2026\/01\/K.Schmidt-Jun-683x1024.jpg 683w, https:\/\/redesign.imlaufderzeit.de\/wp-content\/uploads\/2026\/01\/K.Schmidt-Jun-200x300.jpg 200w, https:\/\/redesign.imlaufderzeit.de\/wp-content\/uploads\/2026\/01\/K.Schmidt-Jun-768x1152.jpg 768w, https:\/\/redesign.imlaufderzeit.de\/wp-content\/uploads\/2026\/01\/K.Schmidt-Jun-1024x1536.jpg 1024w, https:\/\/redesign.imlaufderzeit.de\/wp-content\/uploads\/2026\/01\/K.Schmidt-Jun.jpg 1280w\" sizes=\"auto, (max-width: 683px) 100vw, 683px\" \/><figcaption class=\"wp-element-caption\">Gschwend &#8211; Ehrenb\u00fcrger <br>Karl Schmidt Junior <br>B\u00fcrgermeister<br>Ehrenb\u00fcrger seit 18.10.1985 <br>Foto von Kurt Weigle<\/figcaption><\/figure>\n\n\n\n<figure class=\"wp-block-image size-large is-resized\"><img loading=\"lazy\" decoding=\"async\" width=\"829\" height=\"1024\" src=\"http:\/\/redesign.imlaufderzeit.de\/wp-content\/uploads\/2026\/01\/Dr.-Bock-829x1024.jpg\" alt=\"\" class=\"wp-image-1353\" style=\"width:829px;height:auto\" srcset=\"https:\/\/redesign.imlaufderzeit.de\/wp-content\/uploads\/2026\/01\/Dr.-Bock-829x1024.jpg 829w, https:\/\/redesign.imlaufderzeit.de\/wp-content\/uploads\/2026\/01\/Dr.-Bock-243x300.jpg 243w, https:\/\/redesign.imlaufderzeit.de\/wp-content\/uploads\/2026\/01\/Dr.-Bock-768x949.jpg 768w, https:\/\/redesign.imlaufderzeit.de\/wp-content\/uploads\/2026\/01\/Dr.-Bock.jpg 1109w\" sizes=\"auto, (max-width: 829px) 100vw, 829px\" \/><figcaption class=\"wp-element-caption\">Gschwend &#8211; Ehrenb\u00fcrger <br>Dr. med Hans Bock <br>Arzt<br>Ehrenb\u00fcrger seit 30.12.1987<br>Foto von Kurt Weigle<\/figcaption><\/figure>\n\n\n\n<figure class=\"wp-block-image size-large\"><img loading=\"lazy\" decoding=\"async\" width=\"718\" height=\"1024\" src=\"http:\/\/redesign.imlaufderzeit.de\/wp-content\/uploads\/Gschwend_Frickenhofer Str_Nr 39-1__g_wahl-718x1024.jpg\" alt=\"Gschwend - Frickenhofer Str - Hausnummer 39 - 1980\" class=\"wp-image-223\" srcset=\"https:\/\/redesign.imlaufderzeit.de\/wp-content\/uploads\/Gschwend_Frickenhofer%20Str_Nr%2039-1__g_wahl-718x1024.jpg 718w, https:\/\/redesign.imlaufderzeit.de\/wp-content\/uploads\/Gschwend_Frickenhofer%20Str_Nr%2039-1__g_wahl-210x300.jpg 210w, https:\/\/redesign.imlaufderzeit.de\/wp-content\/uploads\/Gschwend_Frickenhofer%20Str_Nr%2039-1__g_wahl-768x1095.jpg 768w, https:\/\/redesign.imlaufderzeit.de\/wp-content\/uploads\/Gschwend_Frickenhofer%20Str_Nr%2039-1__g_wahl-1078x1536.jpg 1078w, https:\/\/redesign.imlaufderzeit.de\/wp-content\/uploads\/Gschwend_Frickenhofer%20Str_Nr%2039-1__g_wahl-1437x2048.jpg 1437w, https:\/\/redesign.imlaufderzeit.de\/wp-content\/uploads\/Gschwend_Frickenhofer%20Str_Nr%2039-1__g_wahl-scaled.jpg 1796w\" sizes=\"auto, (max-width: 718px) 100vw, 718px\" \/><figcaption class=\"wp-element-caption\">Gschwend &#8211; Ehrenb\u00fcrger <br>Gerhard Wahl<br>Oberamtmann Rathaus<br>Ehrenb\u00fcrger seit 18.08.1997<br>Foto von Kurt Weigle<\/figcaption><\/figure>\n\n\n\n<figure class=\"wp-block-image size-large\"><img loading=\"lazy\" decoding=\"async\" width=\"720\" height=\"1024\" src=\"http:\/\/redesign.imlaufderzeit.de\/wp-content\/uploads\/2026\/01\/Sch.-Elsbeth-Lang-720x1024.jpg\" alt=\"\" class=\"wp-image-1350\" srcset=\"https:\/\/redesign.imlaufderzeit.de\/wp-content\/uploads\/2026\/01\/Sch.-Elsbeth-Lang-720x1024.jpg 720w, https:\/\/redesign.imlaufderzeit.de\/wp-content\/uploads\/2026\/01\/Sch.-Elsbeth-Lang-211x300.jpg 211w, https:\/\/redesign.imlaufderzeit.de\/wp-content\/uploads\/2026\/01\/Sch.-Elsbeth-Lang-768x1093.jpg 768w, https:\/\/redesign.imlaufderzeit.de\/wp-content\/uploads\/2026\/01\/Sch.-Elsbeth-Lang-1079x1536.jpg 1079w, https:\/\/redesign.imlaufderzeit.de\/wp-content\/uploads\/2026\/01\/Sch.-Elsbeth-Lang-1439x2048.jpg 1439w, https:\/\/redesign.imlaufderzeit.de\/wp-content\/uploads\/2026\/01\/Sch.-Elsbeth-Lang.jpg 1451w\" sizes=\"auto, (max-width: 720px) 100vw, 720px\" \/><figcaption class=\"wp-element-caption\">Gschwend Ehrenb\u00fcrger <br>Gemeindeschwester Elsbeth Lang <br>Ehrenb\u00fcrgerin seit 13.10.2003<br>Foto von Kurt Weigle<\/figcaption><\/figure>\n","protected":false},"excerpt":{"rendered":"<p>Gschwend Ehrenb\u00fcrger<\/p>\n","protected":false},"author":2,"featured_media":0,"parent":0,"menu_order":1,"comment_status":"closed","ping_status":"closed","template":"","meta":{"footnotes":""},"class_list":["post-1362","page","type-page","status-publish","hentry"],"_links":{"self":[{"href":"https:\/\/redesign.imlaufderzeit.de\/index.php?rest_route=\/wp\/v2\/pages\/1362","targetHints":{"allow":["GET"]}}],"collection":[{"href":"https:\/\/redesign.imlaufderzeit.de\/index.php?rest_route=\/wp\/v2\/pages"}],"about":[{"href":"https:\/\/redesign.imlaufderzeit.de\/index.php?rest_route=\/wp\/v2\/types\/page"}],"author":[{"embeddable":true,"href":"https:\/\/redesign.imlaufderzeit.de\/index.php?rest_route=\/wp\/v2\/users\/2"}],"replies":[{"embeddable":true,"href":"https:\/\/redesign.imlaufderzeit.de\/index.php?rest_route=%2Fwp%2Fv2%2Fcomments&post=1362"}],"version-history":[{"count":22,"href":"https:\/\/redesign.imlaufderzeit.de\/index.php?rest_route=\/wp\/v2\/pages\/1362\/revisions"}],"predecessor-version":[{"id":1494,"href":"https:\/\/redesign.imlaufderzeit.de\/index.php?rest_route=\/wp\/v2\/pages\/1362\/revisions\/1494"}],"wp:attachment":[{"href":"https:\/\/redesign.imlaufderzeit.de\/index.php?rest_route=%2Fwp%2Fv2%2Fmedia&parent=1362"}],"curies":[{"name":"wp","href":"https:\/\/api.w.org\/{rel}","templated":true}]}}

Gschwender Ehrenbürger

<h2 class="wp-block-heading">Gschwend Ehrenbürger</h2>



<p></p>



<figure class="wp-block-image size-large is-resized"><img loading="lazy" decoding="async" width="808" height="1024" src="http://redesign.imlaufderzeit.de/wp-content/uploads/2026/01/Bihlmeyer-808x1024.jpg" alt="Ehrenbürger Gschwend" class="wp-image-1349" style="aspect-ratio:0.78906234579744;width:844px;height:auto" srcset="https://redesign.imlaufderzeit.de/wp-content/uploads/2026/01/Bihlmeyer-808x1024.jpg 808w, https://redesign.imlaufderzeit.de/wp-content/uploads/2026/01/Bihlmeyer-237x300.jpg 237w, https://redesign.imlaufderzeit.de/wp-content/uploads/2026/01/Bihlmeyer-768x973.jpg 768w, https://redesign.imlaufderzeit.de/wp-content/uploads/2026/01/Bihlmeyer.jpg 1178w" sizes="auto, (max-width: 808px) 100vw, 808px" /><figcaption class="wp-element-caption">Gschwend &#8211; Ehrenbürger <br>Theodor Bihlmeyer<br>Pfarrer <br>Ehrenbürger seit 10.04.1886</figcaption></figure>



<figure class="wp-block-image size-large"><img loading="lazy" decoding="async" width="843" height="1024" src="http://redesign.imlaufderzeit.de/wp-content/uploads/2026/01/K.-Schmidt-Sen-843x1024.jpg" alt="Gschwend Ehrenbürger" class="wp-image-1352" srcset="https://redesign.imlaufderzeit.de/wp-content/uploads/2026/01/K.-Schmidt-Sen-843x1024.jpg 843w, https://redesign.imlaufderzeit.de/wp-content/uploads/2026/01/K.-Schmidt-Sen-247x300.jpg 247w, https://redesign.imlaufderzeit.de/wp-content/uploads/2026/01/K.-Schmidt-Sen-768x933.jpg 768w, https://redesign.imlaufderzeit.de/wp-content/uploads/2026/01/K.-Schmidt-Sen-1264x1536.jpg 1264w, https://redesign.imlaufderzeit.de/wp-content/uploads/2026/01/K.-Schmidt-Sen-1685x2048.jpg 1685w, https://redesign.imlaufderzeit.de/wp-content/uploads/2026/01/K.-Schmidt-Sen.jpg 1928w" sizes="auto, (max-width: 843px) 100vw, 843px" /><figcaption class="wp-element-caption">Gschwend &#8211; Ehrenbürger <br>Karl Schmidt Senior<br>Bürgermeister<br>Ehrenbürger seit 31.01.1958</figcaption></figure>



<figure class="wp-block-image size-large"><img loading="lazy" decoding="async" width="727" height="1024" src="http://redesign.imlaufderzeit.de/wp-content/uploads/Gschwend_Gaildorfer Straße_Nr11__Dr_Kopp-727x1024.jpg" alt="Gschwend - Gaildorfer Straße - Hausnummer 11 - 1927000000" class="wp-image-284" srcset="https://redesign.imlaufderzeit.de/wp-content/uploads/Gschwend_Gaildorfer%20Straße_Nr11__Dr_Kopp-727x1024.jpg 727w, https://redesign.imlaufderzeit.de/wp-content/uploads/Gschwend_Gaildorfer%20Straße_Nr11__Dr_Kopp-213x300.jpg 213w, https://redesign.imlaufderzeit.de/wp-content/uploads/Gschwend_Gaildorfer%20Straße_Nr11__Dr_Kopp-768x1082.jpg 768w, https://redesign.imlaufderzeit.de/wp-content/uploads/Gschwend_Gaildorfer%20Straße_Nr11__Dr_Kopp-1091x1536.jpg 1091w, https://redesign.imlaufderzeit.de/wp-content/uploads/Gschwend_Gaildorfer%20Straße_Nr11__Dr_Kopp-1454x2048.jpg 1454w, https://redesign.imlaufderzeit.de/wp-content/uploads/Gschwend_Gaildorfer%20Straße_Nr11__Dr_Kopp-scaled.jpg 1818w" sizes="auto, (max-width: 727px) 100vw, 727px" /><figcaption class="wp-element-caption">Gschwend &#8211; Ehrenbürger<br>Dr. med. Theodor Kopp<br>Ehrenbürger seit 20.11.1959 <br>Bild von Peter Jakob Schober</figcaption></figure>



<figure class="wp-block-image size-large"><img loading="lazy" decoding="async" width="671" height="1024" src="http://redesign.imlaufderzeit.de/wp-content/uploads/Gschwend_Frickenhofer Str_Nr 28__gustav_kunz-671x1024.jpg" alt="Gschwend - Frickenhofer Str - Hausnummer 28 - 1980000000" class="wp-image-185" srcset="https://redesign.imlaufderzeit.de/wp-content/uploads/Gschwend_Frickenhofer%20Str_Nr%2028__gustav_kunz-671x1024.jpg 671w, https://redesign.imlaufderzeit.de/wp-content/uploads/Gschwend_Frickenhofer%20Str_Nr%2028__gustav_kunz-197x300.jpg 197w, https://redesign.imlaufderzeit.de/wp-content/uploads/Gschwend_Frickenhofer%20Str_Nr%2028__gustav_kunz-768x1172.jpg 768w, https://redesign.imlaufderzeit.de/wp-content/uploads/Gschwend_Frickenhofer%20Str_Nr%2028__gustav_kunz-1007x1536.jpg 1007w, https://redesign.imlaufderzeit.de/wp-content/uploads/Gschwend_Frickenhofer%20Str_Nr%2028__gustav_kunz-1342x2048.jpg 1342w, https://redesign.imlaufderzeit.de/wp-content/uploads/Gschwend_Frickenhofer%20Str_Nr%2028__gustav_kunz-scaled.jpg 1678w" sizes="auto, (max-width: 671px) 100vw, 671px" /><figcaption class="wp-element-caption">Gschwend Ehrenbürger<br>Senator Gustav Kunz, <br>Ehrenbürger seit 25.11.1972<br>Foto von Kurt Weigle</figcaption></figure>



<figure class="wp-block-image size-large"><img loading="lazy" decoding="async" width="683" height="1024" src="http://redesign.imlaufderzeit.de/wp-content/uploads/2026/01/K.Schmidt-Jun-683x1024.jpg" alt="Gschwend - Ehrenbürger" class="wp-image-1351" srcset="https://redesign.imlaufderzeit.de/wp-content/uploads/2026/01/K.Schmidt-Jun-683x1024.jpg 683w, https://redesign.imlaufderzeit.de/wp-content/uploads/2026/01/K.Schmidt-Jun-200x300.jpg 200w, https://redesign.imlaufderzeit.de/wp-content/uploads/2026/01/K.Schmidt-Jun-768x1152.jpg 768w, https://redesign.imlaufderzeit.de/wp-content/uploads/2026/01/K.Schmidt-Jun-1024x1536.jpg 1024w, https://redesign.imlaufderzeit.de/wp-content/uploads/2026/01/K.Schmidt-Jun.jpg 1280w" sizes="auto, (max-width: 683px) 100vw, 683px" /><figcaption class="wp-element-caption">Gschwend &#8211; Ehrenbürger <br>Karl Schmidt Junior <br>Bürgermeister<br>Ehrenbürger seit 18.10.1985 <br>Foto von Kurt Weigle</figcaption></figure>



<figure class="wp-block-image size-large is-resized"><img loading="lazy" decoding="async" width="829" height="1024" src="http://redesign.imlaufderzeit.de/wp-content/uploads/2026/01/Dr.-Bock-829x1024.jpg" alt="" class="wp-image-1353" style="width:829px;height:auto" srcset="https://redesign.imlaufderzeit.de/wp-content/uploads/2026/01/Dr.-Bock-829x1024.jpg 829w, https://redesign.imlaufderzeit.de/wp-content/uploads/2026/01/Dr.-Bock-243x300.jpg 243w, https://redesign.imlaufderzeit.de/wp-content/uploads/2026/01/Dr.-Bock-768x949.jpg 768w, https://redesign.imlaufderzeit.de/wp-content/uploads/2026/01/Dr.-Bock.jpg 1109w" sizes="auto, (max-width: 829px) 100vw, 829px" /><figcaption class="wp-element-caption">Gschwend &#8211; Ehrenbürger <br>Dr. med Hans Bock <br>Arzt<br>Ehrenbürger seit 30.12.1987<br>Foto von Kurt Weigle</figcaption></figure>



<figure class="wp-block-image size-large"><img loading="lazy" decoding="async" width="718" height="1024" src="http://redesign.imlaufderzeit.de/wp-content/uploads/Gschwend_Frickenhofer Str_Nr 39-1__g_wahl-718x1024.jpg" alt="Gschwend - Frickenhofer Str - Hausnummer 39 - 1980" class="wp-image-223" srcset="https://redesign.imlaufderzeit.de/wp-content/uploads/Gschwend_Frickenhofer%20Str_Nr%2039-1__g_wahl-718x1024.jpg 718w, https://redesign.imlaufderzeit.de/wp-content/uploads/Gschwend_Frickenhofer%20Str_Nr%2039-1__g_wahl-210x300.jpg 210w, https://redesign.imlaufderzeit.de/wp-content/uploads/Gschwend_Frickenhofer%20Str_Nr%2039-1__g_wahl-768x1095.jpg 768w, https://redesign.imlaufderzeit.de/wp-content/uploads/Gschwend_Frickenhofer%20Str_Nr%2039-1__g_wahl-1078x1536.jpg 1078w, https://redesign.imlaufderzeit.de/wp-content/uploads/Gschwend_Frickenhofer%20Str_Nr%2039-1__g_wahl-1437x2048.jpg 1437w, https://redesign.imlaufderzeit.de/wp-content/uploads/Gschwend_Frickenhofer%20Str_Nr%2039-1__g_wahl-scaled.jpg 1796w" sizes="auto, (max-width: 718px) 100vw, 718px" /><figcaption class="wp-element-caption">Gschwend &#8211; Ehrenbürger <br>Gerhard Wahl<br>Oberamtmann Rathaus<br>Ehrenbürger seit 18.08.1997<br>Foto von Kurt Weigle</figcaption></figure>



<figure class="wp-block-image size-large"><img loading="lazy" decoding="async" width="720" height="1024" src="http://redesign.imlaufderzeit.de/wp-content/uploads/2026/01/Sch.-Elsbeth-Lang-720x1024.jpg" alt="" class="wp-image-1350" srcset="https://redesign.imlaufderzeit.de/wp-content/uploads/2026/01/Sch.-Elsbeth-Lang-720x1024.jpg 720w, https://redesign.imlaufderzeit.de/wp-content/uploads/2026/01/Sch.-Elsbeth-Lang-211x300.jpg 211w, https://redesign.imlaufderzeit.de/wp-content/uploads/2026/01/Sch.-Elsbeth-Lang-768x1093.jpg 768w, https://redesign.imlaufderzeit.de/wp-content/uploads/2026/01/Sch.-Elsbeth-Lang-1079x1536.jpg 1079w, https://redesign.imlaufderzeit.de/wp-content/uploads/2026/01/Sch.-Elsbeth-Lang-1439x2048.jpg 1439w, https://redesign.imlaufderzeit.de/wp-content/uploads/2026/01/Sch.-Elsbeth-Lang.jpg 1451w" sizes="auto, (max-width: 720px) 100vw, 720px" /><figcaption class="wp-element-caption">Gschwend Ehrenbürger <br>Gemeindeschwester Elsbeth Lang <br>Ehrenbürgerin seit 13.10.2003<br>Foto von Kurt Weigle</figcaption></figure>

<p>Gschwend Ehrenbürger</p>
