{"id":2,"date":"2025-09-12T13:40:26","date_gmt":"2025-09-12T11:40:26","guid":{"rendered":"http:\/\/redesign.imlaufderzeit.de\/?page_id=2"},"modified":"2026-01-16T13:38:07","modified_gmt":"2026-01-16T12:38:07","slug":"willkommen","status":"publish","type":"page","link":"https:\/\/redesign.imlaufderzeit.de\/","title":{"rendered":"Willkommen"},"content":{"rendered":"\n<div class=\"wp-block-group is-nowrap is-layout-flex wp-container-core-group-is-layout-f66f9956 wp-block-group-is-layout-flex\">\n<p class=\"wp-container-content-0733e5d0\">Liebe Besucher,<br>dieses Projekt gibt Ihnen die M\u00f6glichkeit, Orte und Stra\u00dfen mit Bildern und Texten zu versehen, im Internet darzustellen und so die Ver\u00e4nderungen der Stra\u00dfen im Lauf der Zeit zu dokumentieren.<br><br>Den Anfang machte Gschwend mit der Frickenhofer Stra\u00dfe und einem Teil der Schlechtbacher Stra\u00dfe. <br><br>Wenn wir Sie durch unser Beispiel zur Darstellung Ihrer eigenen Stra\u00dfe motiviert haben, k\u00f6nnen Sie sich gerne bei mir melden.<\/p>\n\n\n\n<figure class=\"wp-block-image size-full is-style-rounded wp-container-content-0733e5d0\"><img loading=\"lazy\" decoding=\"async\" width=\"1024\" height=\"655\" src=\"https:\/\/redesign.imlaufderzeit.de\/wp-content\/uploads\/2026\/01\/zeitrahl_gschwend.jpg\" alt=\"\" class=\"wp-image-1321\" style=\"object-fit:cover\" srcset=\"https:\/\/redesign.imlaufderzeit.de\/wp-content\/uploads\/2026\/01\/zeitrahl_gschwend.jpg 1024w, https:\/\/redesign.imlaufderzeit.de\/wp-content\/uploads\/2026\/01\/zeitrahl_gschwend-300x192.jpg 300w, https:\/\/redesign.imlaufderzeit.de\/wp-content\/uploads\/2026\/01\/zeitrahl_gschwend-768x491.jpg 768w\" sizes=\"auto, (max-width: 1024px) 100vw, 1024px\" \/><\/figure>\n<\/div>\n","protected":false},"excerpt":{"rendered":"<p>Liebe Besucher,dieses Projekt gibt Ihnen die M\u00f6glichkeit, Orte und Stra\u00dfen mit Bildern und Texten zu versehen, im Internet darzustellen und so die Ver\u00e4nderungen der Stra\u00dfen im Lauf der Zeit zu dokumentieren. Den Anfang machte Gschwend mit der Frickenhofer Stra\u00dfe und einem Teil der Schlechtbacher Stra\u00dfe. Wenn wir Sie durch unser Beispiel zur Darstellung Ihrer eigenen [&hellip;]<\/p>\n","protected":false},"author":2,"featured_media":0,"parent":0,"menu_order":0,"comment_status":"closed","ping_status":"closed","template":"page-no-title","meta":{"footnotes":""},"class_list":["post-2","page","type-page","status-publish","hentry"],"_links":{"self":[{"href":"https:\/\/redesign.imlaufderzeit.de\/index.php?rest_route=\/wp\/v2\/pages\/2","targetHints":{"allow":["GET"]}}],"collection":[{"href":"https:\/\/redesign.imlaufderzeit.de\/index.php?rest_route=\/wp\/v2\/pages"}],"about":[{"href":"https:\/\/redesign.imlaufderzeit.de\/index.php?rest_route=\/wp\/v2\/types\/page"}],"author":[{"embeddable":true,"href":"https:\/\/redesign.imlaufderzeit.de\/index.php?rest_route=\/wp\/v2\/users\/2"}],"replies":[{"embeddable":true,"href":"https:\/\/redesign.imlaufderzeit.de\/index.php?rest_route=%2Fwp%2Fv2%2Fcomments&post=2"}],"version-history":[{"count":4,"href":"https:\/\/redesign.imlaufderzeit.de\/index.php?rest_route=\/wp\/v2\/pages\/2\/revisions"}],"predecessor-version":[{"id":1322,"href":"https:\/\/redesign.imlaufderzeit.de\/index.php?rest_route=\/wp\/v2\/pages\/2\/revisions\/1322"}],"wp:attachment":[{"href":"https:\/\/redesign.imlaufderzeit.de\/index.php?rest_route=%2Fwp%2Fv2%2Fmedia&parent=2"}],"curies":[{"name":"wp","href":"https:\/\/api.w.org\/{rel}","templated":true}]}}

<div class="wp-block-group is-nowrap is-layout-flex wp-container-core-group-is-layout-f66f9956 wp-block-group-is-layout-flex">
<p class="wp-container-content-0733e5d0">Liebe Besucher,<br>dieses Projekt gibt Ihnen die Möglichkeit, Orte und Straßen mit Bildern und Texten zu versehen, im Internet darzustellen und so die Veränderungen der Straßen im Lauf der Zeit zu dokumentieren.<br><br>Den Anfang machte Gschwend mit der Frickenhofer Straße und einem Teil der Schlechtbacher Straße. <br><br>Wenn wir Sie durch unser Beispiel zur Darstellung Ihrer eigenen Straße motiviert haben, können Sie sich gerne bei mir melden.</p>



<figure class="wp-block-image size-full is-style-rounded wp-container-content-0733e5d0"><img loading="lazy" decoding="async" width="1024" height="655" src="https://redesign.imlaufderzeit.de/wp-content/uploads/2026/01/zeitrahl_gschwend.jpg" alt="" class="wp-image-1321" style="object-fit:cover" srcset="https://redesign.imlaufderzeit.de/wp-content/uploads/2026/01/zeitrahl_gschwend.jpg 1024w, https://redesign.imlaufderzeit.de/wp-content/uploads/2026/01/zeitrahl_gschwend-300x192.jpg 300w, https://redesign.imlaufderzeit.de/wp-content/uploads/2026/01/zeitrahl_gschwend-768x491.jpg 768w" sizes="auto, (max-width: 1024px) 100vw, 1024px" /></figure>
</div>

<p>Liebe Besucher,dieses Projekt gibt Ihnen die Möglichkeit, Orte und Straßen mit Bildern und Texten zu versehen, im Internet darzustellen und so die Veränderungen der Straßen im Lauf der Zeit zu dokumentieren. Den Anfang machte Gschwend mit der Frickenhofer Straße und einem Teil der Schlechtbacher Straße. Wenn wir Sie durch unser Beispiel zur Darstellung Ihrer eigenen [&hellip;]</p>
