{"id":552,"date":"2025-10-31T11:48:35","date_gmt":"2025-10-31T10:48:35","guid":{"rendered":"https:\/\/redesign.imlaufderzeit.de\/?page_id=552"},"modified":"2026-02-27T13:54:50","modified_gmt":"2026-02-27T12:54:50","slug":"asperg","status":"publish","type":"page","link":"https:\/\/redesign.imlaufderzeit.de\/?page_id=552","title":{"rendered":"Im Asperg"},"content":{"rendered":"<h2 class=\"wp-block-post-title\">Im Asperg<\/h2>\n\n\n<figure class=\"wp-block-gallery has-nested-images columns-2 wp-block-gallery-1 is-layout-flex wp-block-gallery-is-layout-flex\">\n<figure data-wp-context=\"{&quot;imageId&quot;:&quot;69edde9d098c2&quot;}\" data-wp-interactive=\"core\/image\" data-wp-key=\"69edde9d098c2\" class=\"wp-block-image size-large wp-lightbox-container\"><img loading=\"lazy\" decoding=\"async\" width=\"1024\" height=\"736\" data-wp-class--hide=\"state.isContentHidden\" data-wp-class--show=\"state.isContentVisible\" data-wp-init=\"callbacks.setButtonStyles\" data-wp-on--click=\"actions.showLightbox\" data-wp-on--load=\"callbacks.setButtonStyles\" data-wp-on-window--resize=\"callbacks.setButtonStyles\" data-id=\"32\" src=\"https:\/\/redesign.imlaufderzeit.de\/wp-content\/uploads\/Gschwend_Asperg__Haaf M\u00f6ller 1970-1024x736.jpg\" alt=\"Gschwend - Im Asperg - Hausnummer 1 - 1970000000\" class=\"wp-image-32\" srcset=\"https:\/\/redesign.imlaufderzeit.de\/wp-content\/uploads\/Gschwend_Asperg__Haaf%20M\u00f6ller%201970-1024x736.jpg 1024w, https:\/\/redesign.imlaufderzeit.de\/wp-content\/uploads\/Gschwend_Asperg__Haaf%20M\u00f6ller%201970-300x216.jpg 300w, https:\/\/redesign.imlaufderzeit.de\/wp-content\/uploads\/Gschwend_Asperg__Haaf%20M\u00f6ller%201970-768x552.jpg 768w, https:\/\/redesign.imlaufderzeit.de\/wp-content\/uploads\/Gschwend_Asperg__Haaf%20M\u00f6ller%201970-1536x1104.jpg 1536w, https:\/\/redesign.imlaufderzeit.de\/wp-content\/uploads\/Gschwend_Asperg__Haaf%20M\u00f6ller%201970.jpg 1920w\" sizes=\"auto, (max-width: 1024px) 100vw, 1024px\" \/><button\n\t\t\tclass=\"lightbox-trigger\"\n\t\t\ttype=\"button\"\n\t\t\taria-haspopup=\"dialog\"\n\t\t\taria-label=\"Vergr\u00f6\u00dfern\"\n\t\t\tdata-wp-init=\"callbacks.initTriggerButton\"\n\t\t\tdata-wp-on--click=\"actions.showLightbox\"\n\t\t\tdata-wp-style--right=\"state.imageButtonRight\"\n\t\t\tdata-wp-style--top=\"state.imageButtonTop\"\n\t\t>\n\t\t\t<svg xmlns=\"http:\/\/www.w3.org\/2000\/svg\" width=\"12\" height=\"12\" fill=\"none\" viewBox=\"0 0 12 12\">\n\t\t\t\t<path fill=\"#fff\" d=\"M2 0a2 2 0 0 0-2 2v2h1.5V2a.5.5 0 0 1 .5-.5h2V0H2Zm2 10.5H2a.5.5 0 0 1-.5-.5V8H0v2a2 2 0 0 0 2 2h2v-1.5ZM8 12v-1.5h2a.5.5 0 0 0 .5-.5V8H12v2a2 2 0 0 1-2 2H8Zm2-12a2 2 0 0 1 2 2v2h-1.5V2a.5.5 0 0 0-.5-.5H8V0h2Z\" \/>\n\t\t\t<\/svg>\n\t\t<\/button><figcaption class=\"wp-element-caption\">Gschwend &#8211; Im Asperg &#8211; Hausnummer 1 &#8211; 1970<br>Fr\u00fcher Fam. M\u00f6ller, sp\u00e4ter Fam. Haaf<\/figcaption><\/figure>\n\n\n\n<figure data-wp-context=\"{&quot;imageId&quot;:&quot;69edde9d09c50&quot;}\" data-wp-interactive=\"core\/image\" data-wp-key=\"69edde9d09c50\" class=\"wp-block-image size-large wp-lightbox-container\" style=\"margin-top:0;margin-right:0;margin-bottom:0;margin-left:0\"><img loading=\"lazy\" decoding=\"async\" width=\"1024\" height=\"683\" data-wp-class--hide=\"state.isContentHidden\" data-wp-class--show=\"state.isContentVisible\" data-wp-init=\"callbacks.setButtonStyles\" data-wp-on--click=\"actions.showLightbox\" data-wp-on--load=\"callbacks.setButtonStyles\" data-wp-on-window--resize=\"callbacks.setButtonStyles\" data-id=\"34\" src=\"https:\/\/redesign.imlaufderzeit.de\/wp-content\/uploads\/Gschwend_Asperg__IMG_6220-1024x683.jpg\" alt=\"Gschwend - Im Asperg - Hausnummer 1 - 2013000000\" class=\"wp-image-34\" srcset=\"https:\/\/redesign.imlaufderzeit.de\/wp-content\/uploads\/Gschwend_Asperg__IMG_6220-1024x683.jpg 1024w, https:\/\/redesign.imlaufderzeit.de\/wp-content\/uploads\/Gschwend_Asperg__IMG_6220-300x200.jpg 300w, https:\/\/redesign.imlaufderzeit.de\/wp-content\/uploads\/Gschwend_Asperg__IMG_6220-768x512.jpg 768w, https:\/\/redesign.imlaufderzeit.de\/wp-content\/uploads\/Gschwend_Asperg__IMG_6220-1536x1024.jpg 1536w, https:\/\/redesign.imlaufderzeit.de\/wp-content\/uploads\/Gschwend_Asperg__IMG_6220.JPG 1920w\" sizes=\"auto, (max-width: 1024px) 100vw, 1024px\" \/><button\n\t\t\tclass=\"lightbox-trigger\"\n\t\t\ttype=\"button\"\n\t\t\taria-haspopup=\"dialog\"\n\t\t\taria-label=\"Vergr\u00f6\u00dfern\"\n\t\t\tdata-wp-init=\"callbacks.initTriggerButton\"\n\t\t\tdata-wp-on--click=\"actions.showLightbox\"\n\t\t\tdata-wp-style--right=\"state.imageButtonRight\"\n\t\t\tdata-wp-style--top=\"state.imageButtonTop\"\n\t\t>\n\t\t\t<svg xmlns=\"http:\/\/www.w3.org\/2000\/svg\" width=\"12\" height=\"12\" fill=\"none\" viewBox=\"0 0 12 12\">\n\t\t\t\t<path fill=\"#fff\" d=\"M2 0a2 2 0 0 0-2 2v2h1.5V2a.5.5 0 0 1 .5-.5h2V0H2Zm2 10.5H2a.5.5 0 0 1-.5-.5V8H0v2a2 2 0 0 0 2 2h2v-1.5ZM8 12v-1.5h2a.5.5 0 0 0 .5-.5V8H12v2a2 2 0 0 1-2 2H8Zm2-12a2 2 0 0 1 2 2v2h-1.5V2a.5.5 0 0 0-.5-.5H8V0h2Z\" \/>\n\t\t\t<\/svg>\n\t\t<\/button><figcaption class=\"wp-element-caption\">Gschwend &#8211; Im Asperg &#8211; Hausnummer 1 &#8211; 2013<br>Bild Klaus Ockert <\/figcaption><\/figure>\n\n\n\n<figure data-wp-context=\"{&quot;imageId&quot;:&quot;69edde9d09f7a&quot;}\" data-wp-interactive=\"core\/image\" data-wp-key=\"69edde9d09f7a\" class=\"wp-block-image size-large wp-lightbox-container\"><img loading=\"lazy\" decoding=\"async\" width=\"1024\" height=\"683\" data-wp-class--hide=\"state.isContentHidden\" data-wp-class--show=\"state.isContentVisible\" data-wp-init=\"callbacks.setButtonStyles\" data-wp-on--click=\"actions.showLightbox\" data-wp-on--load=\"callbacks.setButtonStyles\" data-wp-on-window--resize=\"callbacks.setButtonStyles\" data-id=\"33\" src=\"https:\/\/redesign.imlaufderzeit.de\/wp-content\/uploads\/Gschwend_Asperg__IMG_6216-1024x683.jpg\" alt=\"Gschwend - Im Asperg - Hausnummer 1 - 2013000000\" class=\"wp-image-33\" srcset=\"https:\/\/redesign.imlaufderzeit.de\/wp-content\/uploads\/Gschwend_Asperg__IMG_6216-1024x683.jpg 1024w, https:\/\/redesign.imlaufderzeit.de\/wp-content\/uploads\/Gschwend_Asperg__IMG_6216-300x200.jpg 300w, https:\/\/redesign.imlaufderzeit.de\/wp-content\/uploads\/Gschwend_Asperg__IMG_6216-768x512.jpg 768w, https:\/\/redesign.imlaufderzeit.de\/wp-content\/uploads\/Gschwend_Asperg__IMG_6216-1536x1024.jpg 1536w, https:\/\/redesign.imlaufderzeit.de\/wp-content\/uploads\/Gschwend_Asperg__IMG_6216.JPG 1920w\" sizes=\"auto, (max-width: 1024px) 100vw, 1024px\" \/><button\n\t\t\tclass=\"lightbox-trigger\"\n\t\t\ttype=\"button\"\n\t\t\taria-haspopup=\"dialog\"\n\t\t\taria-label=\"Vergr\u00f6\u00dfern\"\n\t\t\tdata-wp-init=\"callbacks.initTriggerButton\"\n\t\t\tdata-wp-on--click=\"actions.showLightbox\"\n\t\t\tdata-wp-style--right=\"state.imageButtonRight\"\n\t\t\tdata-wp-style--top=\"state.imageButtonTop\"\n\t\t>\n\t\t\t<svg xmlns=\"http:\/\/www.w3.org\/2000\/svg\" width=\"12\" height=\"12\" fill=\"none\" viewBox=\"0 0 12 12\">\n\t\t\t\t<path fill=\"#fff\" d=\"M2 0a2 2 0 0 0-2 2v2h1.5V2a.5.5 0 0 1 .5-.5h2V0H2Zm2 10.5H2a.5.5 0 0 1-.5-.5V8H0v2a2 2 0 0 0 2 2h2v-1.5ZM8 12v-1.5h2a.5.5 0 0 0 .5-.5V8H12v2a2 2 0 0 1-2 2H8Zm2-12a2 2 0 0 1 2 2v2h-1.5V2a.5.5 0 0 0-.5-.5H8V0h2Z\" \/>\n\t\t\t<\/svg>\n\t\t<\/button><figcaption class=\"wp-element-caption\">Gschwend &#8211; Im Asperg &#8211; Hausnummer 1 &#8211; 2013<br>Bild Klaus Ockert <br><\/figcaption><\/figure>\n<\/figure>\n","protected":false},"excerpt":{"rendered":"","protected":false},"author":1,"featured_media":0,"parent":8,"menu_order":0,"comment_status":"closed","ping_status":"closed","template":"","meta":{"footnotes":""},"class_list":["post-552","page","type-page","status-publish","hentry"],"_links":{"self":[{"href":"https:\/\/redesign.imlaufderzeit.de\/index.php?rest_route=\/wp\/v2\/pages\/552","targetHints":{"allow":["GET"]}}],"collection":[{"href":"https:\/\/redesign.imlaufderzeit.de\/index.php?rest_route=\/wp\/v2\/pages"}],"about":[{"href":"https:\/\/redesign.imlaufderzeit.de\/index.php?rest_route=\/wp\/v2\/types\/page"}],"author":[{"embeddable":true,"href":"https:\/\/redesign.imlaufderzeit.de\/index.php?rest_route=\/wp\/v2\/users\/1"}],"replies":[{"embeddable":true,"href":"https:\/\/redesign.imlaufderzeit.de\/index.php?rest_route=%2Fwp%2Fv2%2Fcomments&post=552"}],"version-history":[{"count":14,"href":"https:\/\/redesign.imlaufderzeit.de\/index.php?rest_route=\/wp\/v2\/pages\/552\/revisions"}],"predecessor-version":[{"id":1463,"href":"https:\/\/redesign.imlaufderzeit.de\/index.php?rest_route=\/wp\/v2\/pages\/552\/revisions\/1463"}],"up":[{"embeddable":true,"href":"https:\/\/redesign.imlaufderzeit.de\/index.php?rest_route=\/wp\/v2\/pages\/8"}],"wp:attachment":[{"href":"https:\/\/redesign.imlaufderzeit.de\/index.php?rest_route=%2Fwp%2Fv2%2Fmedia&parent=552"}],"curies":[{"name":"wp","href":"https:\/\/api.w.org\/{rel}","templated":true}]}}

<h2 class="wp-block-post-title">Im Asperg</h2>


<figure class="wp-block-gallery has-nested-images columns-2 wp-block-gallery-1 is-layout-flex wp-block-gallery-is-layout-flex">
<figure data-wp-context="{&quot;imageId&quot;:&quot;69edde9d098c2&quot;}" data-wp-interactive="core/image" data-wp-key="69edde9d098c2" class="wp-block-image size-large wp-lightbox-container"><img loading="lazy" decoding="async" width="1024" height="736" data-wp-class--hide="state.isContentHidden" data-wp-class--show="state.isContentVisible" data-wp-init="callbacks.setButtonStyles" data-wp-on--click="actions.showLightbox" data-wp-on--load="callbacks.setButtonStyles" data-wp-on-window--resize="callbacks.setButtonStyles" data-id="32" src="https://redesign.imlaufderzeit.de/wp-content/uploads/Gschwend_Asperg__Haaf Möller 1970-1024x736.jpg" alt="Gschwend - Im Asperg - Hausnummer 1 - 1970000000" class="wp-image-32" srcset="https://redesign.imlaufderzeit.de/wp-content/uploads/Gschwend_Asperg__Haaf%20Möller%201970-1024x736.jpg 1024w, https://redesign.imlaufderzeit.de/wp-content/uploads/Gschwend_Asperg__Haaf%20Möller%201970-300x216.jpg 300w, https://redesign.imlaufderzeit.de/wp-content/uploads/Gschwend_Asperg__Haaf%20Möller%201970-768x552.jpg 768w, https://redesign.imlaufderzeit.de/wp-content/uploads/Gschwend_Asperg__Haaf%20Möller%201970-1536x1104.jpg 1536w, https://redesign.imlaufderzeit.de/wp-content/uploads/Gschwend_Asperg__Haaf%20Möller%201970.jpg 1920w" sizes="auto, (max-width: 1024px) 100vw, 1024px" /><button
			class="lightbox-trigger"
			type="button"
			aria-haspopup="dialog"
			aria-label="Vergrößern"
			data-wp-init="callbacks.initTriggerButton"
			data-wp-on--click="actions.showLightbox"
			data-wp-style--right="state.imageButtonRight"
			data-wp-style--top="state.imageButtonTop"
		>
			<svg xmlns="http://www.w3.org/2000/svg" width="12" height="12" fill="none" viewBox="0 0 12 12">
				<path fill="#fff" d="M2 0a2 2 0 0 0-2 2v2h1.5V2a.5.5 0 0 1 .5-.5h2V0H2Zm2 10.5H2a.5.5 0 0 1-.5-.5V8H0v2a2 2 0 0 0 2 2h2v-1.5ZM8 12v-1.5h2a.5.5 0 0 0 .5-.5V8H12v2a2 2 0 0 1-2 2H8Zm2-12a2 2 0 0 1 2 2v2h-1.5V2a.5.5 0 0 0-.5-.5H8V0h2Z" />
			</svg>
		</button><figcaption class="wp-element-caption">Gschwend &#8211; Im Asperg &#8211; Hausnummer 1 &#8211; 1970<br>Früher Fam. Möller, später Fam. Haaf</figcaption></figure>



<figure data-wp-context="{&quot;imageId&quot;:&quot;69edde9d09c50&quot;}" data-wp-interactive="core/image" data-wp-key="69edde9d09c50" class="wp-block-image size-large wp-lightbox-container" style="margin-top:0;margin-right:0;margin-bottom:0;margin-left:0"><img loading="lazy" decoding="async" width="1024" height="683" data-wp-class--hide="state.isContentHidden" data-wp-class--show="state.isContentVisible" data-wp-init="callbacks.setButtonStyles" data-wp-on--click="actions.showLightbox" data-wp-on--load="callbacks.setButtonStyles" data-wp-on-window--resize="callbacks.setButtonStyles" data-id="34" src="https://redesign.imlaufderzeit.de/wp-content/uploads/Gschwend_Asperg__IMG_6220-1024x683.jpg" alt="Gschwend - Im Asperg - Hausnummer 1 - 2013000000" class="wp-image-34" srcset="https://redesign.imlaufderzeit.de/wp-content/uploads/Gschwend_Asperg__IMG_6220-1024x683.jpg 1024w, https://redesign.imlaufderzeit.de/wp-content/uploads/Gschwend_Asperg__IMG_6220-300x200.jpg 300w, https://redesign.imlaufderzeit.de/wp-content/uploads/Gschwend_Asperg__IMG_6220-768x512.jpg 768w, https://redesign.imlaufderzeit.de/wp-content/uploads/Gschwend_Asperg__IMG_6220-1536x1024.jpg 1536w, https://redesign.imlaufderzeit.de/wp-content/uploads/Gschwend_Asperg__IMG_6220.JPG 1920w" sizes="auto, (max-width: 1024px) 100vw, 1024px" /><button
			class="lightbox-trigger"
			type="button"
			aria-haspopup="dialog"
			aria-label="Vergrößern"
			data-wp-init="callbacks.initTriggerButton"
			data-wp-on--click="actions.showLightbox"
			data-wp-style--right="state.imageButtonRight"
			data-wp-style--top="state.imageButtonTop"
		>
			<svg xmlns="http://www.w3.org/2000/svg" width="12" height="12" fill="none" viewBox="0 0 12 12">
				<path fill="#fff" d="M2 0a2 2 0 0 0-2 2v2h1.5V2a.5.5 0 0 1 .5-.5h2V0H2Zm2 10.5H2a.5.5 0 0 1-.5-.5V8H0v2a2 2 0 0 0 2 2h2v-1.5ZM8 12v-1.5h2a.5.5 0 0 0 .5-.5V8H12v2a2 2 0 0 1-2 2H8Zm2-12a2 2 0 0 1 2 2v2h-1.5V2a.5.5 0 0 0-.5-.5H8V0h2Z" />
			</svg>
		</button><figcaption class="wp-element-caption">Gschwend &#8211; Im Asperg &#8211; Hausnummer 1 &#8211; 2013<br>Bild Klaus Ockert </figcaption></figure>



<figure data-wp-context="{&quot;imageId&quot;:&quot;69edde9d09f7a&quot;}" data-wp-interactive="core/image" data-wp-key="69edde9d09f7a" class="wp-block-image size-large wp-lightbox-container"><img loading="lazy" decoding="async" width="1024" height="683" data-wp-class--hide="state.isContentHidden" data-wp-class--show="state.isContentVisible" data-wp-init="callbacks.setButtonStyles" data-wp-on--click="actions.showLightbox" data-wp-on--load="callbacks.setButtonStyles" data-wp-on-window--resize="callbacks.setButtonStyles" data-id="33" src="https://redesign.imlaufderzeit.de/wp-content/uploads/Gschwend_Asperg__IMG_6216-1024x683.jpg" alt="Gschwend - Im Asperg - Hausnummer 1 - 2013000000" class="wp-image-33" srcset="https://redesign.imlaufderzeit.de/wp-content/uploads/Gschwend_Asperg__IMG_6216-1024x683.jpg 1024w, https://redesign.imlaufderzeit.de/wp-content/uploads/Gschwend_Asperg__IMG_6216-300x200.jpg 300w, https://redesign.imlaufderzeit.de/wp-content/uploads/Gschwend_Asperg__IMG_6216-768x512.jpg 768w, https://redesign.imlaufderzeit.de/wp-content/uploads/Gschwend_Asperg__IMG_6216-1536x1024.jpg 1536w, https://redesign.imlaufderzeit.de/wp-content/uploads/Gschwend_Asperg__IMG_6216.JPG 1920w" sizes="auto, (max-width: 1024px) 100vw, 1024px" /><button
			class="lightbox-trigger"
			type="button"
			aria-haspopup="dialog"
			aria-label="Vergrößern"
			data-wp-init="callbacks.initTriggerButton"
			data-wp-on--click="actions.showLightbox"
			data-wp-style--right="state.imageButtonRight"
			data-wp-style--top="state.imageButtonTop"
		>
			<svg xmlns="http://www.w3.org/2000/svg" width="12" height="12" fill="none" viewBox="0 0 12 12">
				<path fill="#fff" d="M2 0a2 2 0 0 0-2 2v2h1.5V2a.5.5 0 0 1 .5-.5h2V0H2Zm2 10.5H2a.5.5 0 0 1-.5-.5V8H0v2a2 2 0 0 0 2 2h2v-1.5ZM8 12v-1.5h2a.5.5 0 0 0 .5-.5V8H12v2a2 2 0 0 1-2 2H8Zm2-12a2 2 0 0 1 2 2v2h-1.5V2a.5.5 0 0 0-.5-.5H8V0h2Z" />
			</svg>
		</button><figcaption class="wp-element-caption">Gschwend &#8211; Im Asperg &#8211; Hausnummer 1 &#8211; 2013<br>Bild Klaus Ockert <br></figcaption></figure>
</figure>
