{"id":559,"date":"2025-10-31T11:50:02","date_gmt":"2025-10-31T10:50:02","guid":{"rendered":"https:\/\/redesign.imlaufderzeit.de\/?page_id=559"},"modified":"2026-01-21T16:20:16","modified_gmt":"2026-01-21T15:20:16","slug":"buchbruennele","status":"publish","type":"page","link":"https:\/\/redesign.imlaufderzeit.de\/?page_id=559","title":{"rendered":"Buchbr\u00fcnnele"},"content":{"rendered":"\n<figure class=\"wp-block-image size-large\"><img loading=\"lazy\" decoding=\"async\" width=\"1024\" height=\"685\" src=\"http:\/\/redesign.imlaufderzeit.de\/wp-content\/uploads\/Gschwend_Buchbr\u00fcnnele__2006-1024x685.jpg\" alt=\"Gschwend - Buchbr\u00fcnneler - 2006000000\" class=\"wp-image-78\" srcset=\"https:\/\/redesign.imlaufderzeit.de\/wp-content\/uploads\/Gschwend_Buchbr\u00fcnnele__2006-1024x685.jpg 1024w, https:\/\/redesign.imlaufderzeit.de\/wp-content\/uploads\/Gschwend_Buchbr\u00fcnnele__2006-300x201.jpg 300w, https:\/\/redesign.imlaufderzeit.de\/wp-content\/uploads\/Gschwend_Buchbr\u00fcnnele__2006-768x514.jpg 768w, https:\/\/redesign.imlaufderzeit.de\/wp-content\/uploads\/Gschwend_Buchbr\u00fcnnele__2006-1536x1028.jpg 1536w, https:\/\/redesign.imlaufderzeit.de\/wp-content\/uploads\/Gschwend_Buchbr\u00fcnnele__2006.jpg 1920w\" sizes=\"auto, (max-width: 1024px) 100vw, 1024px\" \/><figcaption class=\"wp-element-caption\">Gschwend &#8211; Buchbr\u00fcnnele &#8211; 2006<br>Das Buchbr\u00fcnnele ist ca. 200 m nord\u00f6stlich vom Buchhaus<br>2006 &#8211; 1. Renovierung durch die Feuerwehr . <br>Foto Klaus Ockert<\/figcaption><\/figure>\n\n\n\n<figure class=\"wp-block-image size-large\"><img loading=\"lazy\" decoding=\"async\" width=\"1024\" height=\"685\" src=\"http:\/\/redesign.imlaufderzeit.de\/wp-content\/uploads\/Gschwend_Buchbr\u00fcnnele__2007-1024x685.jpg\" alt=\"Gschwend - Buchbr\u00fcnnele- 2007000000\" class=\"wp-image-79\" srcset=\"https:\/\/redesign.imlaufderzeit.de\/wp-content\/uploads\/Gschwend_Buchbr\u00fcnnele__2007-1024x685.jpg 1024w, https:\/\/redesign.imlaufderzeit.de\/wp-content\/uploads\/Gschwend_Buchbr\u00fcnnele__2007-300x201.jpg 300w, https:\/\/redesign.imlaufderzeit.de\/wp-content\/uploads\/Gschwend_Buchbr\u00fcnnele__2007-768x514.jpg 768w, https:\/\/redesign.imlaufderzeit.de\/wp-content\/uploads\/Gschwend_Buchbr\u00fcnnele__2007-1536x1028.jpg 1536w, https:\/\/redesign.imlaufderzeit.de\/wp-content\/uploads\/Gschwend_Buchbr\u00fcnnele__2007.jpg 1920w\" sizes=\"auto, (max-width: 1024px) 100vw, 1024px\" \/><figcaption class=\"wp-element-caption\">Gschwend &#8211; Buchbr\u00fcnnele- 2007<br>2007 wurde das Buchbr\u00fcnnele durch Sturm Kyrill und die Aufarbeitung der St\u00e4mme total zerst\u00f6rt.<br>Foto  Klaus Ockert<\/figcaption><\/figure>\n\n\n\n<figure class=\"wp-block-image size-large\"><img loading=\"lazy\" decoding=\"async\" width=\"1024\" height=\"819\" src=\"http:\/\/redesign.imlaufderzeit.de\/wp-content\/uploads\/Gschwend_Buchbr\u00fcnnele__2009-1024x819.jpg\" alt=\"Gschwend - Buchbr\u00fcnnele - 2009000000\" class=\"wp-image-80\" srcset=\"https:\/\/redesign.imlaufderzeit.de\/wp-content\/uploads\/Gschwend_Buchbr\u00fcnnele__2009-1024x819.jpg 1024w, https:\/\/redesign.imlaufderzeit.de\/wp-content\/uploads\/Gschwend_Buchbr\u00fcnnele__2009-300x240.jpg 300w, https:\/\/redesign.imlaufderzeit.de\/wp-content\/uploads\/Gschwend_Buchbr\u00fcnnele__2009-768x614.jpg 768w, https:\/\/redesign.imlaufderzeit.de\/wp-content\/uploads\/Gschwend_Buchbr\u00fcnnele__2009-1536x1229.jpg 1536w, https:\/\/redesign.imlaufderzeit.de\/wp-content\/uploads\/Gschwend_Buchbr\u00fcnnele__2009.JPG 1920w\" sizes=\"auto, (max-width: 1024px) 100vw, 1024px\" \/><figcaption class=\"wp-element-caption\">Gschwend &#8211; Buchbr\u00fcnnele &#8211; 2009 <br>2009 wieder hergestellt durch Feuerwehr Abt. Gschwend und Albverein.<br>Foto  Klaus Ockert<\/figcaption><\/figure>\n","protected":false},"excerpt":{"rendered":"","protected":false},"author":1,"featured_media":0,"parent":638,"menu_order":0,"comment_status":"closed","ping_status":"closed","template":"","meta":{"footnotes":""},"class_list":["post-559","page","type-page","status-publish","hentry"],"_links":{"self":[{"href":"https:\/\/redesign.imlaufderzeit.de\/index.php?rest_route=\/wp\/v2\/pages\/559","targetHints":{"allow":["GET"]}}],"collection":[{"href":"https:\/\/redesign.imlaufderzeit.de\/index.php?rest_route=\/wp\/v2\/pages"}],"about":[{"href":"https:\/\/redesign.imlaufderzeit.de\/index.php?rest_route=\/wp\/v2\/types\/page"}],"author":[{"embeddable":true,"href":"https:\/\/redesign.imlaufderzeit.de\/index.php?rest_route=\/wp\/v2\/users\/1"}],"replies":[{"embeddable":true,"href":"https:\/\/redesign.imlaufderzeit.de\/index.php?rest_route=%2Fwp%2Fv2%2Fcomments&post=559"}],"version-history":[{"count":12,"href":"https:\/\/redesign.imlaufderzeit.de\/index.php?rest_route=\/wp\/v2\/pages\/559\/revisions"}],"predecessor-version":[{"id":1344,"href":"https:\/\/redesign.imlaufderzeit.de\/index.php?rest_route=\/wp\/v2\/pages\/559\/revisions\/1344"}],"up":[{"embeddable":true,"href":"https:\/\/redesign.imlaufderzeit.de\/index.php?rest_route=\/wp\/v2\/pages\/638"}],"wp:attachment":[{"href":"https:\/\/redesign.imlaufderzeit.de\/index.php?rest_route=%2Fwp%2Fv2%2Fmedia&parent=559"}],"curies":[{"name":"wp","href":"https:\/\/api.w.org\/{rel}","templated":true}]}}

Buchbrünnele

<figure class="wp-block-image size-large"><img loading="lazy" decoding="async" width="1024" height="685" src="http://redesign.imlaufderzeit.de/wp-content/uploads/Gschwend_Buchbrünnele__2006-1024x685.jpg" alt="Gschwend - Buchbrünneler - 2006000000" class="wp-image-78" srcset="https://redesign.imlaufderzeit.de/wp-content/uploads/Gschwend_Buchbrünnele__2006-1024x685.jpg 1024w, https://redesign.imlaufderzeit.de/wp-content/uploads/Gschwend_Buchbrünnele__2006-300x201.jpg 300w, https://redesign.imlaufderzeit.de/wp-content/uploads/Gschwend_Buchbrünnele__2006-768x514.jpg 768w, https://redesign.imlaufderzeit.de/wp-content/uploads/Gschwend_Buchbrünnele__2006-1536x1028.jpg 1536w, https://redesign.imlaufderzeit.de/wp-content/uploads/Gschwend_Buchbrünnele__2006.jpg 1920w" sizes="auto, (max-width: 1024px) 100vw, 1024px" /><figcaption class="wp-element-caption">Gschwend &#8211; Buchbrünnele &#8211; 2006<br>Das Buchbrünnele ist ca. 200 m nordöstlich vom Buchhaus<br>2006 &#8211; 1. Renovierung durch die Feuerwehr . <br>Foto Klaus Ockert</figcaption></figure>



<figure class="wp-block-image size-large"><img loading="lazy" decoding="async" width="1024" height="685" src="http://redesign.imlaufderzeit.de/wp-content/uploads/Gschwend_Buchbrünnele__2007-1024x685.jpg" alt="Gschwend - Buchbrünnele- 2007000000" class="wp-image-79" srcset="https://redesign.imlaufderzeit.de/wp-content/uploads/Gschwend_Buchbrünnele__2007-1024x685.jpg 1024w, https://redesign.imlaufderzeit.de/wp-content/uploads/Gschwend_Buchbrünnele__2007-300x201.jpg 300w, https://redesign.imlaufderzeit.de/wp-content/uploads/Gschwend_Buchbrünnele__2007-768x514.jpg 768w, https://redesign.imlaufderzeit.de/wp-content/uploads/Gschwend_Buchbrünnele__2007-1536x1028.jpg 1536w, https://redesign.imlaufderzeit.de/wp-content/uploads/Gschwend_Buchbrünnele__2007.jpg 1920w" sizes="auto, (max-width: 1024px) 100vw, 1024px" /><figcaption class="wp-element-caption">Gschwend &#8211; Buchbrünnele- 2007<br>2007 wurde das Buchbrünnele durch Sturm Kyrill und die Aufarbeitung der Stämme total zerstört.<br>Foto  Klaus Ockert</figcaption></figure>



<figure class="wp-block-image size-large"><img loading="lazy" decoding="async" width="1024" height="819" src="http://redesign.imlaufderzeit.de/wp-content/uploads/Gschwend_Buchbrünnele__2009-1024x819.jpg" alt="Gschwend - Buchbrünnele - 2009000000" class="wp-image-80" srcset="https://redesign.imlaufderzeit.de/wp-content/uploads/Gschwend_Buchbrünnele__2009-1024x819.jpg 1024w, https://redesign.imlaufderzeit.de/wp-content/uploads/Gschwend_Buchbrünnele__2009-300x240.jpg 300w, https://redesign.imlaufderzeit.de/wp-content/uploads/Gschwend_Buchbrünnele__2009-768x614.jpg 768w, https://redesign.imlaufderzeit.de/wp-content/uploads/Gschwend_Buchbrünnele__2009-1536x1229.jpg 1536w, https://redesign.imlaufderzeit.de/wp-content/uploads/Gschwend_Buchbrünnele__2009.JPG 1920w" sizes="auto, (max-width: 1024px) 100vw, 1024px" /><figcaption class="wp-element-caption">Gschwend &#8211; Buchbrünnele &#8211; 2009 <br>2009 wieder hergestellt durch Feuerwehr Abt. Gschwend und Albverein.<br>Foto  Klaus Ockert</figcaption></figure>
