{"id":577,"date":"2025-10-31T11:51:26","date_gmt":"2025-10-31T10:51:26","guid":{"rendered":"https:\/\/redesign.imlaufderzeit.de\/?page_id=577"},"modified":"2026-01-01T16:04:40","modified_gmt":"2026-01-01T15:04:40","slug":"hagbergturm","status":"publish","type":"page","link":"https:\/\/redesign.imlaufderzeit.de\/?page_id=577","title":{"rendered":"Hagbergturm"},"content":{"rendered":"\n<figure class=\"wp-block-image size-large\"><img loading=\"lazy\" decoding=\"async\" width=\"1024\" height=\"668\" src=\"http:\/\/redesign.imlaufderzeit.de\/wp-content\/uploads\/Gschwend_Hagberturm__1900-1024x668.jpg\" alt=\"Gschwend - Hagberturm - 19000000\" class=\"wp-image-370\" srcset=\"https:\/\/redesign.imlaufderzeit.de\/wp-content\/uploads\/Gschwend_Hagberturm__1900-1024x668.jpg 1024w, https:\/\/redesign.imlaufderzeit.de\/wp-content\/uploads\/Gschwend_Hagberturm__1900-300x196.jpg 300w, https:\/\/redesign.imlaufderzeit.de\/wp-content\/uploads\/Gschwend_Hagberturm__1900-768x501.jpg 768w, https:\/\/redesign.imlaufderzeit.de\/wp-content\/uploads\/Gschwend_Hagberturm__1900-1536x1002.jpg 1536w, https:\/\/redesign.imlaufderzeit.de\/wp-content\/uploads\/Gschwend_Hagberturm__1900.jpg 1920w\" sizes=\"auto, (max-width: 1024px) 100vw, 1024px\" \/><figcaption class=\"wp-element-caption\">Gschwend &#8211; Hagberturm &#8211; 1900<br> Steht auf 585m Meeresh\u00f6he. Die Turmh\u00f6he betr\u00e4gt 23 m.<br>Eingeweiht wurde er 1901.<\/figcaption><\/figure>\n\n\n\n<figure class=\"wp-block-image size-large\"><img loading=\"lazy\" decoding=\"async\" width=\"661\" height=\"1024\" src=\"http:\/\/redesign.imlaufderzeit.de\/wp-content\/uploads\/Gschwend_Hagberturm__1925-661x1024.jpg\" alt=\"Gschwend - Hagberturm - 19250000\" class=\"wp-image-371\" srcset=\"https:\/\/redesign.imlaufderzeit.de\/wp-content\/uploads\/Gschwend_Hagberturm__1925-661x1024.jpg 661w, https:\/\/redesign.imlaufderzeit.de\/wp-content\/uploads\/Gschwend_Hagberturm__1925-194x300.jpg 194w, https:\/\/redesign.imlaufderzeit.de\/wp-content\/uploads\/Gschwend_Hagberturm__1925-768x1190.jpg 768w, https:\/\/redesign.imlaufderzeit.de\/wp-content\/uploads\/Gschwend_Hagberturm__1925-991x1536.jpg 991w, https:\/\/redesign.imlaufderzeit.de\/wp-content\/uploads\/Gschwend_Hagberturm__1925-1322x2048.jpg 1322w, https:\/\/redesign.imlaufderzeit.de\/wp-content\/uploads\/Gschwend_Hagberturm__1925-scaled.jpg 1652w\" sizes=\"auto, (max-width: 661px) 100vw, 661px\" \/><figcaption class=\"wp-element-caption\">Gschwend &#8211; Hagberturm &#8211; 1925<\/figcaption><\/figure>\n\n\n\n<figure class=\"wp-block-image size-large\"><img loading=\"lazy\" decoding=\"async\" width=\"1024\" height=\"686\" src=\"http:\/\/redesign.imlaufderzeit.de\/wp-content\/uploads\/Gschwend_Hagberturm__1930-1024x686.jpg\" alt=\"Gschwend - Hagberturm - 1930\" class=\"wp-image-372\" srcset=\"https:\/\/redesign.imlaufderzeit.de\/wp-content\/uploads\/Gschwend_Hagberturm__1930-1024x686.jpg 1024w, https:\/\/redesign.imlaufderzeit.de\/wp-content\/uploads\/Gschwend_Hagberturm__1930-300x201.jpg 300w, https:\/\/redesign.imlaufderzeit.de\/wp-content\/uploads\/Gschwend_Hagberturm__1930-768x515.jpg 768w, https:\/\/redesign.imlaufderzeit.de\/wp-content\/uploads\/Gschwend_Hagberturm__1930-1536x1030.jpg 1536w, https:\/\/redesign.imlaufderzeit.de\/wp-content\/uploads\/Gschwend_Hagberturm__1930.jpg 1920w\" sizes=\"auto, (max-width: 1024px) 100vw, 1024px\" \/><figcaption class=\"wp-element-caption\">Gschwend  Hagberturm  1930<\/figcaption><\/figure>\n\n\n\n<figure class=\"wp-block-image size-large\"><img loading=\"lazy\" decoding=\"async\" width=\"683\" height=\"1024\" src=\"http:\/\/redesign.imlaufderzeit.de\/wp-content\/uploads\/2025\/12\/Hagbergturm-683x1024.jpg\" alt=\"Gschwend - Hagberturm - 2020\" class=\"wp-image-1063\" srcset=\"https:\/\/redesign.imlaufderzeit.de\/wp-content\/uploads\/2025\/12\/Hagbergturm-683x1024.jpg 683w, https:\/\/redesign.imlaufderzeit.de\/wp-content\/uploads\/2025\/12\/Hagbergturm-200x300.jpg 200w, https:\/\/redesign.imlaufderzeit.de\/wp-content\/uploads\/2025\/12\/Hagbergturm-768x1152.jpg 768w, https:\/\/redesign.imlaufderzeit.de\/wp-content\/uploads\/2025\/12\/Hagbergturm-1024x1536.jpg 1024w, https:\/\/redesign.imlaufderzeit.de\/wp-content\/uploads\/2025\/12\/Hagbergturm.jpg 1280w\" sizes=\"auto, (max-width: 683px) 100vw, 683px\" \/><figcaption class=\"wp-element-caption\">Gschwend Hagbergturm 2020  <br>Bild Klaus Ockert<\/figcaption><\/figure>\n","protected":false},"excerpt":{"rendered":"","protected":false},"author":1,"featured_media":0,"parent":638,"menu_order":0,"comment_status":"closed","ping_status":"closed","template":"","meta":{"footnotes":""},"class_list":["post-577","page","type-page","status-publish","hentry"],"_links":{"self":[{"href":"https:\/\/redesign.imlaufderzeit.de\/index.php?rest_route=\/wp\/v2\/pages\/577","targetHints":{"allow":["GET"]}}],"collection":[{"href":"https:\/\/redesign.imlaufderzeit.de\/index.php?rest_route=\/wp\/v2\/pages"}],"about":[{"href":"https:\/\/redesign.imlaufderzeit.de\/index.php?rest_route=\/wp\/v2\/types\/page"}],"author":[{"embeddable":true,"href":"https:\/\/redesign.imlaufderzeit.de\/index.php?rest_route=\/wp\/v2\/users\/1"}],"replies":[{"embeddable":true,"href":"https:\/\/redesign.imlaufderzeit.de\/index.php?rest_route=%2Fwp%2Fv2%2Fcomments&post=577"}],"version-history":[{"count":8,"href":"https:\/\/redesign.imlaufderzeit.de\/index.php?rest_route=\/wp\/v2\/pages\/577\/revisions"}],"predecessor-version":[{"id":1311,"href":"https:\/\/redesign.imlaufderzeit.de\/index.php?rest_route=\/wp\/v2\/pages\/577\/revisions\/1311"}],"up":[{"embeddable":true,"href":"https:\/\/redesign.imlaufderzeit.de\/index.php?rest_route=\/wp\/v2\/pages\/638"}],"wp:attachment":[{"href":"https:\/\/redesign.imlaufderzeit.de\/index.php?rest_route=%2Fwp%2Fv2%2Fmedia&parent=577"}],"curies":[{"name":"wp","href":"https:\/\/api.w.org\/{rel}","templated":true}]}}

<figure class="wp-block-image size-large"><img loading="lazy" decoding="async" width="1024" height="668" src="http://redesign.imlaufderzeit.de/wp-content/uploads/Gschwend_Hagberturm__1900-1024x668.jpg" alt="Gschwend - Hagberturm - 19000000" class="wp-image-370" srcset="https://redesign.imlaufderzeit.de/wp-content/uploads/Gschwend_Hagberturm__1900-1024x668.jpg 1024w, https://redesign.imlaufderzeit.de/wp-content/uploads/Gschwend_Hagberturm__1900-300x196.jpg 300w, https://redesign.imlaufderzeit.de/wp-content/uploads/Gschwend_Hagberturm__1900-768x501.jpg 768w, https://redesign.imlaufderzeit.de/wp-content/uploads/Gschwend_Hagberturm__1900-1536x1002.jpg 1536w, https://redesign.imlaufderzeit.de/wp-content/uploads/Gschwend_Hagberturm__1900.jpg 1920w" sizes="auto, (max-width: 1024px) 100vw, 1024px" /><figcaption class="wp-element-caption">Gschwend &#8211; Hagberturm &#8211; 1900<br> Steht auf 585m Meereshöhe. Die Turmhöhe beträgt 23 m.<br>Eingeweiht wurde er 1901.</figcaption></figure>



<figure class="wp-block-image size-large"><img loading="lazy" decoding="async" width="661" height="1024" src="http://redesign.imlaufderzeit.de/wp-content/uploads/Gschwend_Hagberturm__1925-661x1024.jpg" alt="Gschwend - Hagberturm - 19250000" class="wp-image-371" srcset="https://redesign.imlaufderzeit.de/wp-content/uploads/Gschwend_Hagberturm__1925-661x1024.jpg 661w, https://redesign.imlaufderzeit.de/wp-content/uploads/Gschwend_Hagberturm__1925-194x300.jpg 194w, https://redesign.imlaufderzeit.de/wp-content/uploads/Gschwend_Hagberturm__1925-768x1190.jpg 768w, https://redesign.imlaufderzeit.de/wp-content/uploads/Gschwend_Hagberturm__1925-991x1536.jpg 991w, https://redesign.imlaufderzeit.de/wp-content/uploads/Gschwend_Hagberturm__1925-1322x2048.jpg 1322w, https://redesign.imlaufderzeit.de/wp-content/uploads/Gschwend_Hagberturm__1925-scaled.jpg 1652w" sizes="auto, (max-width: 661px) 100vw, 661px" /><figcaption class="wp-element-caption">Gschwend &#8211; Hagberturm &#8211; 1925</figcaption></figure>



<figure class="wp-block-image size-large"><img loading="lazy" decoding="async" width="1024" height="686" src="http://redesign.imlaufderzeit.de/wp-content/uploads/Gschwend_Hagberturm__1930-1024x686.jpg" alt="Gschwend - Hagberturm - 1930" class="wp-image-372" srcset="https://redesign.imlaufderzeit.de/wp-content/uploads/Gschwend_Hagberturm__1930-1024x686.jpg 1024w, https://redesign.imlaufderzeit.de/wp-content/uploads/Gschwend_Hagberturm__1930-300x201.jpg 300w, https://redesign.imlaufderzeit.de/wp-content/uploads/Gschwend_Hagberturm__1930-768x515.jpg 768w, https://redesign.imlaufderzeit.de/wp-content/uploads/Gschwend_Hagberturm__1930-1536x1030.jpg 1536w, https://redesign.imlaufderzeit.de/wp-content/uploads/Gschwend_Hagberturm__1930.jpg 1920w" sizes="auto, (max-width: 1024px) 100vw, 1024px" /><figcaption class="wp-element-caption">Gschwend  Hagberturm  1930</figcaption></figure>



<figure class="wp-block-image size-large"><img loading="lazy" decoding="async" width="683" height="1024" src="http://redesign.imlaufderzeit.de/wp-content/uploads/2025/12/Hagbergturm-683x1024.jpg" alt="Gschwend - Hagberturm - 2020" class="wp-image-1063" srcset="https://redesign.imlaufderzeit.de/wp-content/uploads/2025/12/Hagbergturm-683x1024.jpg 683w, https://redesign.imlaufderzeit.de/wp-content/uploads/2025/12/Hagbergturm-200x300.jpg 200w, https://redesign.imlaufderzeit.de/wp-content/uploads/2025/12/Hagbergturm-768x1152.jpg 768w, https://redesign.imlaufderzeit.de/wp-content/uploads/2025/12/Hagbergturm-1024x1536.jpg 1024w, https://redesign.imlaufderzeit.de/wp-content/uploads/2025/12/Hagbergturm.jpg 1280w" sizes="auto, (max-width: 683px) 100vw, 683px" /><figcaption class="wp-element-caption">Gschwend Hagbergturm 2020  <br>Bild Klaus Ockert</figcaption></figure>
