{"id":638,"date":"2025-10-31T12:15:11","date_gmt":"2025-10-31T11:15:11","guid":{"rendered":"https:\/\/redesign.imlaufderzeit.de\/?page_id=638"},"modified":"2026-01-01T16:02:37","modified_gmt":"2026-01-01T15:02:37","slug":"sehenswuerdigkeiten-sonstiges","status":"publish","type":"page","link":"https:\/\/redesign.imlaufderzeit.de\/?page_id=638","title":{"rendered":"Sehensw\u00fcrdigkeiten &amp; Sonstiges"},"content":{"rendered":"\n<figure class=\"wp-block-image size-large\"><img loading=\"lazy\" decoding=\"async\" width=\"1024\" height=\"683\" src=\"http:\/\/redesign.imlaufderzeit.de\/wp-content\/uploads\/2026\/01\/2025-1024x683.jpg\" alt=\"Gschwend - Kriegerdenkmal - 2026\" class=\"wp-image-1308\" srcset=\"https:\/\/redesign.imlaufderzeit.de\/wp-content\/uploads\/2026\/01\/2025-1024x683.jpg 1024w, https:\/\/redesign.imlaufderzeit.de\/wp-content\/uploads\/2026\/01\/2025-300x200.jpg 300w, https:\/\/redesign.imlaufderzeit.de\/wp-content\/uploads\/2026\/01\/2025-768x512.jpg 768w, https:\/\/redesign.imlaufderzeit.de\/wp-content\/uploads\/2026\/01\/2025-1536x1024.jpg 1536w, https:\/\/redesign.imlaufderzeit.de\/wp-content\/uploads\/2026\/01\/2025.jpg 1920w\" sizes=\"auto, (max-width: 1024px) 100vw, 1024px\" \/><figcaption class=\"wp-element-caption\">Gschwend &#8211; Kriegerdenkmal &#8211; 2026 <br>F\u00fcr die vermissten u. gefallenen des 1. u. 2. Weltkrieges. <br>Foto Klaus Ockert<\/figcaption><\/figure>\n\n\n\n<figure class=\"wp-block-image size-large is-resized\"><img loading=\"lazy\" decoding=\"async\" width=\"683\" height=\"1024\" src=\"http:\/\/redesign.imlaufderzeit.de\/wp-content\/uploads\/2025\/12\/Hagbergturm-683x1024.jpg\" alt=\"Gschwend - Hagberturm - 2020\" class=\"wp-image-1063\" style=\"width:861px;height:auto\" srcset=\"https:\/\/redesign.imlaufderzeit.de\/wp-content\/uploads\/2025\/12\/Hagbergturm-683x1024.jpg 683w, https:\/\/redesign.imlaufderzeit.de\/wp-content\/uploads\/2025\/12\/Hagbergturm-200x300.jpg 200w, https:\/\/redesign.imlaufderzeit.de\/wp-content\/uploads\/2025\/12\/Hagbergturm-768x1152.jpg 768w, https:\/\/redesign.imlaufderzeit.de\/wp-content\/uploads\/2025\/12\/Hagbergturm-1024x1536.jpg 1024w, https:\/\/redesign.imlaufderzeit.de\/wp-content\/uploads\/2025\/12\/Hagbergturm.jpg 1280w\" sizes=\"auto, (max-width: 683px) 100vw, 683px\" \/><figcaption class=\"wp-element-caption\">Gschwend Hagbergturm 2020.<br> Steht auf 585m Meeresh\u00f6he. Die Turmh\u00f6he betr\u00e4gt 23 m.<br>Eingeweiht wurde er 1901.<br>Foto Klaus Ockert<\/figcaption><\/figure>\n","protected":false},"excerpt":{"rendered":"","protected":false},"author":1,"featured_media":0,"parent":0,"menu_order":0,"comment_status":"closed","ping_status":"closed","template":"","meta":{"footnotes":""},"class_list":["post-638","page","type-page","status-publish","hentry"],"_links":{"self":[{"href":"https:\/\/redesign.imlaufderzeit.de\/index.php?rest_route=\/wp\/v2\/pages\/638","targetHints":{"allow":["GET"]}}],"collection":[{"href":"https:\/\/redesign.imlaufderzeit.de\/index.php?rest_route=\/wp\/v2\/pages"}],"about":[{"href":"https:\/\/redesign.imlaufderzeit.de\/index.php?rest_route=\/wp\/v2\/types\/page"}],"author":[{"embeddable":true,"href":"https:\/\/redesign.imlaufderzeit.de\/index.php?rest_route=\/wp\/v2\/users\/1"}],"replies":[{"embeddable":true,"href":"https:\/\/redesign.imlaufderzeit.de\/index.php?rest_route=%2Fwp%2Fv2%2Fcomments&post=638"}],"version-history":[{"count":4,"href":"https:\/\/redesign.imlaufderzeit.de\/index.php?rest_route=\/wp\/v2\/pages\/638\/revisions"}],"predecessor-version":[{"id":1310,"href":"https:\/\/redesign.imlaufderzeit.de\/index.php?rest_route=\/wp\/v2\/pages\/638\/revisions\/1310"}],"wp:attachment":[{"href":"https:\/\/redesign.imlaufderzeit.de\/index.php?rest_route=%2Fwp%2Fv2%2Fmedia&parent=638"}],"curies":[{"name":"wp","href":"https:\/\/api.w.org\/{rel}","templated":true}]}}

Sehenswürdigkeiten &amp; Sonstiges

<figure class="wp-block-image size-large"><img loading="lazy" decoding="async" width="1024" height="683" src="http://redesign.imlaufderzeit.de/wp-content/uploads/2026/01/2025-1024x683.jpg" alt="Gschwend - Kriegerdenkmal - 2026" class="wp-image-1308" srcset="https://redesign.imlaufderzeit.de/wp-content/uploads/2026/01/2025-1024x683.jpg 1024w, https://redesign.imlaufderzeit.de/wp-content/uploads/2026/01/2025-300x200.jpg 300w, https://redesign.imlaufderzeit.de/wp-content/uploads/2026/01/2025-768x512.jpg 768w, https://redesign.imlaufderzeit.de/wp-content/uploads/2026/01/2025-1536x1024.jpg 1536w, https://redesign.imlaufderzeit.de/wp-content/uploads/2026/01/2025.jpg 1920w" sizes="auto, (max-width: 1024px) 100vw, 1024px" /><figcaption class="wp-element-caption">Gschwend &#8211; Kriegerdenkmal &#8211; 2026 <br>Für die vermissten u. gefallenen des 1. u. 2. Weltkrieges. <br>Foto Klaus Ockert</figcaption></figure>



<figure class="wp-block-image size-large is-resized"><img loading="lazy" decoding="async" width="683" height="1024" src="http://redesign.imlaufderzeit.de/wp-content/uploads/2025/12/Hagbergturm-683x1024.jpg" alt="Gschwend - Hagberturm - 2020" class="wp-image-1063" style="width:861px;height:auto" srcset="https://redesign.imlaufderzeit.de/wp-content/uploads/2025/12/Hagbergturm-683x1024.jpg 683w, https://redesign.imlaufderzeit.de/wp-content/uploads/2025/12/Hagbergturm-200x300.jpg 200w, https://redesign.imlaufderzeit.de/wp-content/uploads/2025/12/Hagbergturm-768x1152.jpg 768w, https://redesign.imlaufderzeit.de/wp-content/uploads/2025/12/Hagbergturm-1024x1536.jpg 1024w, https://redesign.imlaufderzeit.de/wp-content/uploads/2025/12/Hagbergturm.jpg 1280w" sizes="auto, (max-width: 683px) 100vw, 683px" /><figcaption class="wp-element-caption">Gschwend Hagbergturm 2020.<br> Steht auf 585m Meereshöhe. Die Turmhöhe beträgt 23 m.<br>Eingeweiht wurde er 1901.<br>Foto Klaus Ockert</figcaption></figure>
