{"id":670,"date":"2025-11-14T12:45:50","date_gmt":"2025-11-14T11:45:50","guid":{"rendered":"https:\/\/redesign.imlaufderzeit.de\/?page_id=670"},"modified":"2026-03-06T14:08:35","modified_gmt":"2026-03-06T13:08:35","slug":"impressum","status":"publish","type":"page","link":"https:\/\/redesign.imlaufderzeit.de\/?page_id=670","title":{"rendered":"Impressum"},"content":{"rendered":"\n<p><\/p>\n\n\n\n<p><\/p>\n\n\n\n<p>Klaus Ockert<br>Frickenhofer Stra\u00dfe. 8<br>D-74417 Gschwend<br>Mail: klaus.ockert@t-online.de<br>Internet: <a href=\"http:\/\/www.friseur-ockert.de\">w<\/a><a href=\"https:\/\/redesign.imlaufderzeit.de\">https:\/\/redesign.imlaufderzeit.de<\/a><a href=\"http:\/\/www.friseur-ockert.de\" target=\"_blank\" rel=\"noreferrer noopener\"> <\/a><a class=\"color: white\" href=\"http:\/\/www.friseur-ockert.de\" target=\"_blank\" rel=\"noreferrer noopener\">www.friseur-ockert.de<\/a><\/p>\n\n\n\n<p>Inhaltlich Verantwortlicher gem\u00e4\u00df \u00a7 6 MDStV:<br>Klaus Ockert<\/p>\n\n\n\n<p>Disclaimer \/ Haftungshinweis: Trotz sorgf\u00e4ltiger inhaltlicher Kontrolle \u00fcbernehmen wir keine Haftung f\u00fcr die Inhalte externer Links. F\u00fcr den Inhalt der verlinkten Seiten sind ausschlie\u00dflich deren Betreiber verantwortlich.<\/p>\n","protected":false},"excerpt":{"rendered":"<p>Klaus OckertFrickenhofer Stra\u00dfe. 8D-74417 GschwendMail: klaus.ockert@t-online.deInternet: whttps:\/\/redesign.imlaufderzeit.de www.friseur-ockert.de Inhaltlich Verantwortlicher gem\u00e4\u00df \u00a7 6 MDStV:Klaus Ockert Disclaimer \/ Haftungshinweis: Trotz sorgf\u00e4ltiger inhaltlicher Kontrolle \u00fcbernehmen wir keine Haftung f\u00fcr die Inhalte externer Links. F\u00fcr den Inhalt der verlinkten Seiten sind ausschlie\u00dflich deren Betreiber verantwortlich.<\/p>\n","protected":false},"author":1,"featured_media":0,"parent":0,"menu_order":0,"comment_status":"closed","ping_status":"closed","template":"","meta":{"footnotes":""},"class_list":["post-670","page","type-page","status-publish","hentry"],"_links":{"self":[{"href":"https:\/\/redesign.imlaufderzeit.de\/index.php?rest_route=\/wp\/v2\/pages\/670","targetHints":{"allow":["GET"]}}],"collection":[{"href":"https:\/\/redesign.imlaufderzeit.de\/index.php?rest_route=\/wp\/v2\/pages"}],"about":[{"href":"https:\/\/redesign.imlaufderzeit.de\/index.php?rest_route=\/wp\/v2\/types\/page"}],"author":[{"embeddable":true,"href":"https:\/\/redesign.imlaufderzeit.de\/index.php?rest_route=\/wp\/v2\/users\/1"}],"replies":[{"embeddable":true,"href":"https:\/\/redesign.imlaufderzeit.de\/index.php?rest_route=%2Fwp%2Fv2%2Fcomments&post=670"}],"version-history":[{"count":6,"href":"https:\/\/redesign.imlaufderzeit.de\/index.php?rest_route=\/wp\/v2\/pages\/670\/revisions"}],"predecessor-version":[{"id":1477,"href":"https:\/\/redesign.imlaufderzeit.de\/index.php?rest_route=\/wp\/v2\/pages\/670\/revisions\/1477"}],"wp:attachment":[{"href":"https:\/\/redesign.imlaufderzeit.de\/index.php?rest_route=%2Fwp%2Fv2%2Fmedia&parent=670"}],"curies":[{"name":"wp","href":"https:\/\/api.w.org\/{rel}","templated":true}]}}

<p></p>



<p></p>



<p>Klaus Ockert<br>Frickenhofer Straße. 8<br>D-74417 Gschwend<br>Mail: klaus.ockert@t-online.de<br>Internet: <a href="http://www.friseur-ockert.de">w</a><a href="https://redesign.imlaufderzeit.de">https://redesign.imlaufderzeit.de</a><a href="http://www.friseur-ockert.de" target="_blank" rel="noreferrer noopener"> </a><a class="color: white" href="http://www.friseur-ockert.de" target="_blank" rel="noreferrer noopener">www.friseur-ockert.de</a></p>



<p>Inhaltlich Verantwortlicher gemäß § 6 MDStV:<br>Klaus Ockert</p>



<p>Disclaimer / Haftungshinweis: Trotz sorgfältiger inhaltlicher Kontrolle übernehmen wir keine Haftung für die Inhalte externer Links. Für den Inhalt der verlinkten Seiten sind ausschließlich deren Betreiber verantwortlich.</p>

<p>Klaus OckertFrickenhofer Straße. 8D-74417 GschwendMail: klaus.ockert@t-online.deInternet: whttps://redesign.imlaufderzeit.de www.friseur-ockert.de Inhaltlich Verantwortlicher gemäß § 6 MDStV:Klaus Ockert Disclaimer / Haftungshinweis: Trotz sorgfältiger inhaltlicher Kontrolle übernehmen wir keine Haftung für die Inhalte externer Links. Für den Inhalt der verlinkten Seiten sind ausschließlich deren Betreiber verantwortlich.</p>
